{"id":91052,"date":"2022-08-04T10:29:04","date_gmt":"2022-08-04T08:29:04","guid":{"rendered":"https:\/\/setnology.es\/?post_type=product&#038;p=91052"},"modified":"2023-12-29T13:28:23","modified_gmt":"2023-12-29T11:28:23","slug":"planes-de-marketing-online","status":"publish","type":"product","link":"https:\/\/setnology.es\/index.php\/producto\/planes-de-marketing-online\/","title":{"rendered":"Planes de Marketing Online y dise\u00f1o web"},"content":{"rendered":"<p><strong>PRESENCIA<\/strong>: Si solo quieres tener una ficha de tu negocio en internet, con tus datos de contacto, horarios y servicios, esta es tu opci\u00f3n. Por un precio muy econ\u00f3mico, te creamos una ficha personalizada en Google My Business, donde podr\u00e1s mostrar tu ubicaci\u00f3n, fotos, rese\u00f1as y ofertas.<\/p>\n<p><strong>WEB<\/strong>: Si quieres dar un paso m\u00e1s y tener tu propia p\u00e1gina web, con un dise\u00f1o profesional y adaptado a tu imagen corporativa, esta es tu opci\u00f3n. Por un precio muy razonable, te dise\u00f1amos y alojamos una web atractiva y funcional, con dominio y correo electr\u00f3nico propios, optimizada para buscadores y dispositivos m\u00f3viles.<\/p>\n<p><strong>REDES:<\/strong>\u00a0Si quieres aprovechar el poder de las redes sociales para conectar con tus clientes y potenciales, esta es tu opci\u00f3n. Por un precio muy competitivo, te gestionamos tus perfiles en las principales redes sociales, creando contenido de calidad, interactuando con tu comunidad y aumentando tu visibilidad.<\/p>\n<p><strong>TIENDA<\/strong>: Si quieres vender tus productos o servicios online, sin l\u00edmites de horario ni de ubicaci\u00f3n, esta es tu opci\u00f3n. Por un precio muy asequible, te creamos una tienda online completa, con cat\u00e1logo, carrito de compra, pasarela de pago, gesti\u00f3n de pedidos e inventario, y todo lo que necesitas para triunfar en el comercio electr\u00f3nico.<\/p>\n<p>\u00a1Te ayudaremos a impulsar tu negocio en el mundo digital!<\/p>\n<p><a href=\"https:\/\/setnology.es\/index.php\/marketing-online-planes-mensuales\/\">M\u00c1S INFORMACI\u00d3N<\/a><\/p>\n","protected":false},"excerpt":{"rendered":"<p>Es la forma m\u00e1s sencilla de estar siempre a la \u00faltima, tener presencia donde es necesario, una web o p\u00e1gina social siempre actualizada, estar siempre cerca de tus clientes,\u2026 Y todo ello sin complicaciones, ya que dispones permanentemente un equipo de personas que se dedican a tu negocio.<\/p>\n<p>\u00a1Te ayudaremos a impulsar tu negocio en el mundo digital!<\/p>\n","protected":false},"featured_media":510,"template":"","meta":{"site-sidebar-layout":"default","site-content-layout":"default","ast-site-content-layout":"default","site-content-style":"default","site-sidebar-style":"default","ast-global-header-display":"","ast-banner-title-visibility":"","ast-main-header-display":"","ast-hfb-above-header-display":"","ast-hfb-below-header-display":"","ast-hfb-mobile-header-display":"","site-post-title":"","ast-breadcrumbs-content":"","ast-featured-img":"","footer-sml-layout":"","ast-disable-related-posts":"","theme-transparent-header-meta":"default","adv-header-id-meta":"","stick-header-meta":"","header-above-stick-meta":"","header-main-stick-meta":"","header-below-stick-meta":"","astra-migrate-meta-layouts":"set","ast-page-background-enabled":"default","ast-page-background-meta":{"desktop":{"background-color":"","background-image":"","background-repeat":"repeat","background-position":"center center","background-size":"auto","background-attachment":"scroll","background-type":"","background-media":"","overlay-type":"","overlay-color":"","overlay-opacity":"","overlay-gradient":""},"tablet":{"background-color":"","background-image":"","background-repeat":"repeat","background-position":"center center","background-size":"auto","background-attachment":"scroll","background-type":"","background-media":"","overlay-type":"","overlay-color":"","overlay-opacity":"","overlay-gradient":""},"mobile":{"background-color":"","background-image":"","background-repeat":"repeat","background-position":"center center","background-size":"auto","background-attachment":"scroll","background-type":"","background-media":"","overlay-type":"","overlay-color":"","overlay-opacity":"","overlay-gradient":""}},"ast-content-background-meta":{"desktop":{"background-color":"var(--ast-global-color-5)","background-image":"","background-repeat":"repeat","background-position":"center center","background-size":"auto","background-attachment":"scroll","background-type":"","background-media":"","overlay-type":"","overlay-color":"","overlay-opacity":"","overlay-gradient":""},"tablet":{"background-color":"var(--ast-global-color-5)","background-image":"","background-repeat":"repeat","background-position":"center center","background-size":"auto","background-attachment":"scroll","background-type":"","background-media":"","overlay-type":"","overlay-color":"","overlay-opacity":"","overlay-gradient":""},"mobile":{"background-color":"var(--ast-global-color-5)","background-image":"","background-repeat":"repeat","background-position":"center center","background-size":"auto","background-attachment":"scroll","background-type":"","background-media":"","overlay-type":"","overlay-color":"","overlay-opacity":"","overlay-gradient":""}}},"product_brand":[],"product_cat":[1010],"product_tag":[],"class_list":{"0":"post-91052","1":"product","2":"type-product","3":"status-publish","4":"has-post-thumbnail","6":"product_cat-planes","7":"desktop-align-left","8":"tablet-align-left","9":"mobile-align-left","11":"first","12":"instock","13":"taxable","14":"shipping-taxable","15":"purchasable","16":"product-type-variable"},"yoast_head":"<!-- This site is optimized with the Yoast SEO Premium plugin v18.8 (Yoast SEO v27.4) - https:\/\/yoast.com\/product\/yoast-seo-premium-wordpress\/ -->\n<title>Planes de Marketing Online y dise\u00f1o web - Setnology<\/title>\n<meta name=\"description\" content=\"Nuestros Planes de Marketing Online y dise\u00f1o web, son la forma m\u00e1s sencilla de estar siempre a la \u00faltima, tener presencia donde es necesario, una web o p\u00e1gina social siempre actualizada, estar siempre cerca de sus clientes,\u2026 Y todo ello sin complicaciones, ya que dispones permanentemente un equipo de personas que se dedican a su empresa.\" \/>\n<meta name=\"robots\" content=\"index, follow, max-snippet:-1, max-image-preview:large, max-video-preview:-1\" \/>\n<link rel=\"canonical\" href=\"https:\/\/setnology.es\/index.php\/producto\/planes-de-marketing-online\/\" \/>\n<meta property=\"og:locale\" content=\"es_ES\" \/>\n<meta property=\"og:type\" content=\"article\" \/>\n<meta property=\"og:title\" content=\"Planes de Marketing Online y dise\u00f1o web\" \/>\n<meta property=\"og:description\" content=\"Nuestros Planes de Marketing Online y dise\u00f1o web, son la forma m\u00e1s sencilla de estar siempre a la \u00faltima, tener presencia donde es necesario, una web o p\u00e1gina social siempre actualizada, estar siempre cerca de sus clientes,\u2026 Y todo ello sin complicaciones, ya que dispones permanentemente un equipo de personas que se dedican a su empresa.\" \/>\n<meta property=\"og:url\" content=\"https:\/\/setnology.es\/index.php\/producto\/planes-de-marketing-online\/\" \/>\n<meta property=\"og:site_name\" content=\"Setnology\" \/>\n<meta property=\"article:modified_time\" content=\"2023-12-29T11:28:23+00:00\" \/>\n<meta property=\"og:image\" content=\"https:\/\/setnology.es\/wp-content\/uploads\/2021\/12\/social-media-social-marketing-5187243.png\" \/>\n\t<meta property=\"og:image:width\" content=\"1280\" \/>\n\t<meta property=\"og:image:height\" content=\"853\" \/>\n\t<meta property=\"og:image:type\" content=\"image\/png\" \/>\n<meta name=\"twitter:card\" content=\"summary_large_image\" \/>\n<meta name=\"twitter:label1\" content=\"Tiempo de lectura\" \/>\n\t<meta name=\"twitter:data1\" content=\"2 minutos\" \/>\n<script type=\"application\/ld+json\" class=\"yoast-schema-graph\">{\"@context\":\"https:\\\/\\\/schema.org\",\"@graph\":[{\"@type\":\"WebPage\",\"@id\":\"https:\\\/\\\/setnology.es\\\/index.php\\\/producto\\\/planes-de-marketing-online\\\/\",\"url\":\"https:\\\/\\\/setnology.es\\\/index.php\\\/producto\\\/planes-de-marketing-online\\\/\",\"name\":\"Planes de Marketing Online y dise\u00f1o web - Setnology\",\"isPartOf\":{\"@id\":\"https:\\\/\\\/setnology.es\\\/#website\"},\"primaryImageOfPage\":{\"@id\":\"https:\\\/\\\/setnology.es\\\/index.php\\\/producto\\\/planes-de-marketing-online\\\/#primaryimage\"},\"image\":{\"@id\":\"https:\\\/\\\/setnology.es\\\/index.php\\\/producto\\\/planes-de-marketing-online\\\/#primaryimage\"},\"thumbnailUrl\":\"https:\\\/\\\/i0.wp.com\\\/setnology.es\\\/wp-content\\\/uploads\\\/2021\\\/12\\\/social-media-social-marketing-5187243.png?fit=1280%2C853&ssl=1\",\"datePublished\":\"2022-08-04T08:29:04+00:00\",\"dateModified\":\"2023-12-29T11:28:23+00:00\",\"description\":\"Nuestros Planes de Marketing Online y dise\u00f1o web, son la forma m\u00e1s sencilla de estar siempre a la \u00faltima, tener presencia donde es necesario, una web o p\u00e1gina social siempre actualizada, estar siempre cerca de sus clientes,\u2026 Y todo ello sin complicaciones, ya que dispones permanentemente un equipo de personas que se dedican a su empresa.\",\"breadcrumb\":{\"@id\":\"https:\\\/\\\/setnology.es\\\/index.php\\\/producto\\\/planes-de-marketing-online\\\/#breadcrumb\"},\"inLanguage\":\"es\",\"potentialAction\":[{\"@type\":\"ReadAction\",\"target\":[\"https:\\\/\\\/setnology.es\\\/index.php\\\/producto\\\/planes-de-marketing-online\\\/\"]}]},{\"@type\":\"ImageObject\",\"inLanguage\":\"es\",\"@id\":\"https:\\\/\\\/setnology.es\\\/index.php\\\/producto\\\/planes-de-marketing-online\\\/#primaryimage\",\"url\":\"https:\\\/\\\/i0.wp.com\\\/setnology.es\\\/wp-content\\\/uploads\\\/2021\\\/12\\\/social-media-social-marketing-5187243.png?fit=1280%2C853&ssl=1\",\"contentUrl\":\"https:\\\/\\\/i0.wp.com\\\/setnology.es\\\/wp-content\\\/uploads\\\/2021\\\/12\\\/social-media-social-marketing-5187243.png?fit=1280%2C853&ssl=1\",\"width\":1280,\"height\":853,\"caption\":\"social media, social, marketing-5187243.jpg\"},{\"@type\":\"BreadcrumbList\",\"@id\":\"https:\\\/\\\/setnology.es\\\/index.php\\\/producto\\\/planes-de-marketing-online\\\/#breadcrumb\",\"itemListElement\":[{\"@type\":\"ListItem\",\"position\":1,\"name\":\"Portada\",\"item\":\"https:\\\/\\\/setnology.es\\\/\"},{\"@type\":\"ListItem\",\"position\":2,\"name\":\"Tienda\",\"item\":\"https:\\\/\\\/setnology.es\\\/index.php\\\/tienda\\\/\"},{\"@type\":\"ListItem\",\"position\":3,\"name\":\"Planes de Marketing Online y dise\u00f1o web\"}]},{\"@type\":\"WebSite\",\"@id\":\"https:\\\/\\\/setnology.es\\\/#website\",\"url\":\"https:\\\/\\\/setnology.es\\\/\",\"name\":\"Setnology\",\"description\":\"Servicios de Expansi\u00f3n Tecnol\u00f3gica\",\"publisher\":{\"@id\":\"https:\\\/\\\/setnology.es\\\/#organization\"},\"potentialAction\":[{\"@type\":\"SearchAction\",\"target\":{\"@type\":\"EntryPoint\",\"urlTemplate\":\"https:\\\/\\\/setnology.es\\\/?s={search_term_string}\"},\"query-input\":{\"@type\":\"PropertyValueSpecification\",\"valueRequired\":true,\"valueName\":\"search_term_string\"}}],\"inLanguage\":\"es\"},{\"@type\":\"Organization\",\"@id\":\"https:\\\/\\\/setnology.es\\\/#organization\",\"name\":\"Setnology\",\"url\":\"https:\\\/\\\/setnology.es\\\/\",\"logo\":{\"@type\":\"ImageObject\",\"inLanguage\":\"es\",\"@id\":\"https:\\\/\\\/setnology.es\\\/#\\\/schema\\\/logo\\\/image\\\/\",\"url\":\"https:\\\/\\\/i0.wp.com\\\/setnology.es\\\/wp-content\\\/uploads\\\/2021\\\/10\\\/cropped-Logo-Blanco-1.png?fit=995%2C258&ssl=1\",\"contentUrl\":\"https:\\\/\\\/i0.wp.com\\\/setnology.es\\\/wp-content\\\/uploads\\\/2021\\\/10\\\/cropped-Logo-Blanco-1.png?fit=995%2C258&ssl=1\",\"width\":995,\"height\":258,\"caption\":\"Setnology\"},\"image\":{\"@id\":\"https:\\\/\\\/setnology.es\\\/#\\\/schema\\\/logo\\\/image\\\/\"}}]}<\/script>\n<!-- \/ Yoast SEO Premium plugin. -->","yoast_head_json":{"title":"Planes de Marketing Online y dise\u00f1o web - Setnology","description":"Nuestros Planes de Marketing Online y dise\u00f1o web, son la forma m\u00e1s sencilla de estar siempre a la \u00faltima, tener presencia donde es necesario, una web o p\u00e1gina social siempre actualizada, estar siempre cerca de sus clientes,\u2026 Y todo ello sin complicaciones, ya que dispones permanentemente un equipo de personas que se dedican a su empresa.","robots":{"index":"index","follow":"follow","max-snippet":"max-snippet:-1","max-image-preview":"max-image-preview:large","max-video-preview":"max-video-preview:-1"},"canonical":"https:\/\/setnology.es\/index.php\/producto\/planes-de-marketing-online\/","og_locale":"es_ES","og_type":"article","og_title":"Planes de Marketing Online y dise\u00f1o web","og_description":"Nuestros Planes de Marketing Online y dise\u00f1o web, son la forma m\u00e1s sencilla de estar siempre a la \u00faltima, tener presencia donde es necesario, una web o p\u00e1gina social siempre actualizada, estar siempre cerca de sus clientes,\u2026 Y todo ello sin complicaciones, ya que dispones permanentemente un equipo de personas que se dedican a su empresa.","og_url":"https:\/\/setnology.es\/index.php\/producto\/planes-de-marketing-online\/","og_site_name":"Setnology","article_modified_time":"2023-12-29T11:28:23+00:00","og_image":[{"width":1280,"height":853,"url":"https:\/\/setnology.es\/wp-content\/uploads\/2021\/12\/social-media-social-marketing-5187243.png","type":"image\/png"}],"twitter_card":"summary_large_image","twitter_misc":{"Tiempo de lectura":"2 minutos"},"schema":{"@context":"https:\/\/schema.org","@graph":[{"@type":"WebPage","@id":"https:\/\/setnology.es\/index.php\/producto\/planes-de-marketing-online\/","url":"https:\/\/setnology.es\/index.php\/producto\/planes-de-marketing-online\/","name":"Planes de Marketing Online y dise\u00f1o web - Setnology","isPartOf":{"@id":"https:\/\/setnology.es\/#website"},"primaryImageOfPage":{"@id":"https:\/\/setnology.es\/index.php\/producto\/planes-de-marketing-online\/#primaryimage"},"image":{"@id":"https:\/\/setnology.es\/index.php\/producto\/planes-de-marketing-online\/#primaryimage"},"thumbnailUrl":"https:\/\/i0.wp.com\/setnology.es\/wp-content\/uploads\/2021\/12\/social-media-social-marketing-5187243.png?fit=1280%2C853&ssl=1","datePublished":"2022-08-04T08:29:04+00:00","dateModified":"2023-12-29T11:28:23+00:00","description":"Nuestros Planes de Marketing Online y dise\u00f1o web, son la forma m\u00e1s sencilla de estar siempre a la \u00faltima, tener presencia donde es necesario, una web o p\u00e1gina social siempre actualizada, estar siempre cerca de sus clientes,\u2026 Y todo ello sin complicaciones, ya que dispones permanentemente un equipo de personas que se dedican a su empresa.","breadcrumb":{"@id":"https:\/\/setnology.es\/index.php\/producto\/planes-de-marketing-online\/#breadcrumb"},"inLanguage":"es","potentialAction":[{"@type":"ReadAction","target":["https:\/\/setnology.es\/index.php\/producto\/planes-de-marketing-online\/"]}]},{"@type":"ImageObject","inLanguage":"es","@id":"https:\/\/setnology.es\/index.php\/producto\/planes-de-marketing-online\/#primaryimage","url":"https:\/\/i0.wp.com\/setnology.es\/wp-content\/uploads\/2021\/12\/social-media-social-marketing-5187243.png?fit=1280%2C853&ssl=1","contentUrl":"https:\/\/i0.wp.com\/setnology.es\/wp-content\/uploads\/2021\/12\/social-media-social-marketing-5187243.png?fit=1280%2C853&ssl=1","width":1280,"height":853,"caption":"social media, social, marketing-5187243.jpg"},{"@type":"BreadcrumbList","@id":"https:\/\/setnology.es\/index.php\/producto\/planes-de-marketing-online\/#breadcrumb","itemListElement":[{"@type":"ListItem","position":1,"name":"Portada","item":"https:\/\/setnology.es\/"},{"@type":"ListItem","position":2,"name":"Tienda","item":"https:\/\/setnology.es\/index.php\/tienda\/"},{"@type":"ListItem","position":3,"name":"Planes de Marketing Online y dise\u00f1o web"}]},{"@type":"WebSite","@id":"https:\/\/setnology.es\/#website","url":"https:\/\/setnology.es\/","name":"Setnology","description":"Servicios de Expansi\u00f3n Tecnol\u00f3gica","publisher":{"@id":"https:\/\/setnology.es\/#organization"},"potentialAction":[{"@type":"SearchAction","target":{"@type":"EntryPoint","urlTemplate":"https:\/\/setnology.es\/?s={search_term_string}"},"query-input":{"@type":"PropertyValueSpecification","valueRequired":true,"valueName":"search_term_string"}}],"inLanguage":"es"},{"@type":"Organization","@id":"https:\/\/setnology.es\/#organization","name":"Setnology","url":"https:\/\/setnology.es\/","logo":{"@type":"ImageObject","inLanguage":"es","@id":"https:\/\/setnology.es\/#\/schema\/logo\/image\/","url":"https:\/\/i0.wp.com\/setnology.es\/wp-content\/uploads\/2021\/10\/cropped-Logo-Blanco-1.png?fit=995%2C258&ssl=1","contentUrl":"https:\/\/i0.wp.com\/setnology.es\/wp-content\/uploads\/2021\/10\/cropped-Logo-Blanco-1.png?fit=995%2C258&ssl=1","width":995,"height":258,"caption":"Setnology"},"image":{"@id":"https:\/\/setnology.es\/#\/schema\/logo\/image\/"}}]}},"jetpack_sharing_enabled":true,"_links":{"self":[{"href":"https:\/\/setnology.es\/index.php\/wp-json\/wp\/v2\/product\/91052","targetHints":{"allow":["GET"]}}],"collection":[{"href":"https:\/\/setnology.es\/index.php\/wp-json\/wp\/v2\/product"}],"about":[{"href":"https:\/\/setnology.es\/index.php\/wp-json\/wp\/v2\/types\/product"}],"version-history":[{"count":27,"href":"https:\/\/setnology.es\/index.php\/wp-json\/wp\/v2\/product\/91052\/revisions"}],"predecessor-version":[{"id":170317,"href":"https:\/\/setnology.es\/index.php\/wp-json\/wp\/v2\/product\/91052\/revisions\/170317"}],"wp:featuredmedia":[{"embeddable":true,"href":"https:\/\/setnology.es\/index.php\/wp-json\/wp\/v2\/media\/510"}],"wp:attachment":[{"href":"https:\/\/setnology.es\/index.php\/wp-json\/wp\/v2\/media?parent=91052"}],"wp:term":[{"taxonomy":"product_brand","embeddable":true,"href":"https:\/\/setnology.es\/index.php\/wp-json\/wp\/v2\/product_brand?post=91052"},{"taxonomy":"product_cat","embeddable":true,"href":"https:\/\/setnology.es\/index.php\/wp-json\/wp\/v2\/product_cat?post=91052"},{"taxonomy":"product_tag","embeddable":true,"href":"https:\/\/setnology.es\/index.php\/wp-json\/wp\/v2\/product_tag?post=91052"}],"curies":[{"name":"wp","href":"https:\/\/api.w.org\/{rel}","templated":true}]}}